, -j = z + j - 216. What is the highest common divisor of z and 26?
26
Let g = 105 - -20. What is the greatest common divisor of g and 25?
25
Let r(u) = 2*u**2 + 14*u + 3. Let y be r(-11). What is the highest common divisor of y and 13?
13
Suppose 0 = -16*h + 4 + 60. What is the greatest common factor of h and 52?
4
Suppose 12 = -3*w, -3*c + 5 = -w + 2*w. Suppose c*g + 2*g = 60. What is the greatest common factor of g and 84?
12
Let p(h) = 3*h**2 - 1. Let w be p(1). Let m(d) = d**2 - 1. Let l be m(w). Let k be 1 - (-20)/(-12)*-3. What is the highest common factor of l and k?
3
Let p = 14 - 7. Suppose m + 0 - p = 0. Suppose -z - 3*z + 2*o + 28 = 0, 3*o = 0. Calculate the greatest common factor of z and m.
7
Let w be 13 + (3 - 0) + -6. What is the highest common factor of w and 80?
10
Let j be (7 - -1) + 0/(-18). Calculate the highest common divisor of 56 and j.
8
Let d(b) = b - 8. Let j be d(11). Suppose 5*p = j*r - 5, 4*p - 2*r = 7*p - 16. Let q be 27/6*p/3. Calculate the greatest common factor of q and 21.
3
Let o be (3 + -4 - -1)/(-1). Let k be 1 + 137 + (-3 - o). Calculate the highest common divisor of k and 15.
15
Let n(l) = -l + 3. Let k be n(3). Let g be 1 - (-1 + k + 48). Let t = 78 + g. Calculate the highest common factor of t and 48.
16
Let j = -109 - -147. Calculate the greatest common divisor of j and 304.
38
Let v(g) = -4*g + 2. Let h be v(-5). What is the highest common factor of h and 154?
22
Suppose -3*s = -0*s - 165. Suppose -22 = -3*v + v. What is the highest common factor of s and v?
11
Suppose 26 = -4*i + 70. What is the greatest common divisor of 33 and i?
11
Let r = 6 - 9. Let p be (11 + (-3 - r))*1. What is the greatest common divisor of p and 88?
11
Let l = -3 - -20. Suppose 0 = t - 2*t + 3. Suppose -2*x + 3*m = -155, 0 = t*m + 5 - 20. Calculate the greatest common factor of l and x.
17
Suppose 2*r + 3*w = -3*r + 362, 0 = 4*r - w - 276. Calculate the greatest common factor of r and 28.
14
Let f be ((-2)/(-4))/((-6)/120). Let o = 0 - f. Calculate the greatest common factor of 70 and o.
10
Suppose -4*a + 0*i - 2*i = -2, -5 = -4*a + i. Let c be (a/(-2))/(12/(-240)). Calculate the highest common factor of c and 20.
10
Suppose -3*k + y + 32 = 8, 6 = -k + 5*y. Let l = k - 4. What is the highest common factor of l and 2?
1
Let i(x) = -2*x - 6. Let l be i(-4). Suppose -4950 = -0*b - 6*b. Suppose -l*z - 3*z = -b. What is the highest common divisor of z and 15?
15
Let l(f) = 2*f**3. Let v be l(1). Suppose v*k - 25 = -5*w - 3*k, -2*w = -2*k + 6. What is the greatest common divisor of 8 and w?
1
Let u = 1 - -7. Let o = 13 - u. Calculate the greatest common divisor of o and 10.
5
Let x(i) = 9*i**2 + 4*i. Let s be x(2). Let v(q) = 3*q - 4. Let t be v(5). What is the greatest common divisor of t and s?
11
Let v = -96 - -243. Calculate the greatest common factor of v and 21.
21
Let h be (-1 - -1) + 59 + (-7 - -10). Calculate the highest common divisor of h and 31.
31
Suppose 5*h - 6 = -1. Let s be h/(-3) + 50/6. Calculate the greatest common factor of s and 24.
8
Let l be 126/24*(2 + 6). Calculate the greatest common factor of 6 and l.
6
Suppose 2*j - 6 = 12. Calculate the greatest common divisor of 6 and j.
3
Suppose 100 = -b + 5*b. Calculate the highest common divisor of 200 and b.
25
Let x(a) = -4*a - 2. Let r be x(-3). Suppose 6*n - r = n. Suppose n*h - 5*h = -6. Calculate the greatest common factor of h and 2.
2
Let h(j) = 17*j - 25. Let c be h(2). What is the greatest common factor of c and 9?
9
Suppose 4*k - 2*r + 34 = 0, -k - 5*r = 3*k + 27. Let b = k + 16. Calculate the greatest common factor of 12 and b.
4
Let d(f) = -f**2 - 9*f + 5. Let y be d(-9). Suppose 6*l + 2*o - 3 = 3*l, -y*l - 3*o = -5. What is the greatest common factor of l and 8?
1
Suppose -16 = -4*v - 0*v. Suppose -59 = -2*p - 5*f, -38 = -5*p + v*f + 60. What is the highest common divisor of p and 66?
22
Let a = 1 + 2. Let q be 1/(3*(-2)/(-6)). Let c be -3 + q - (-6 + 1). Calculate the greatest common divisor of c and a.
3
Suppose -88 = -4*p - 6*n + 2*n, p - n - 30 = 0. Let s(h) = 7*h - 3. Let t be s(-10). Let j = p - t. Calculate the greatest common factor of j and 11.
11
Let s(j) = 2*j - 9. Let t be s(9). What is the greatest common factor of 36 and t?
9
Suppose 41 = -3*c - 4*q, -4*c - 5*q - 56 = -0*q. Let r = c - -31. Calculate the highest common divisor of 12 and r.
12
Let h(c) = -c. Let l be h(-2). Suppose k = -4*k, -l*g + 10 = -2*k. Suppose -g*x + 7 = -78. Calculate the highest common factor of x and 51.
17
Suppose 0*j + 2*y = -j, 3*j - 4*y = 10. Calculate the highest common divisor of 10 and j.
2
Let f be (-9)/21 + ((-60)/(-21))/2. Calculate the highest common divisor of 11 and f.
1
Let b = -61 - -239. Let q = -88 + b. Let g(z) = -z**2 + 36. Let i be g(0). What is the greatest common divisor of i and q?
18
Suppose 4 = g, 0 = -f - 3*g + 28 - 1. Let w = 0 - 6. Let b be (-2 + -1 + 2)*w. Calculate the highest common divisor of f and b.
3
Suppose -5*t - q + 2*q + 46 = 0, 4*q + 4 = 0. Let p = 150 - 105. Calculate the greatest common divisor of p and t.
9
Suppose -2*f = -x + 32, 5*x - 186 = -3*f - 0*f. Calculate the greatest common factor of x and 9.
9
Let i(p) = -3*p - 7. Let m(l) = l + 3. Let s be m(-5). Let c be (-2)/(-1*s/8). Let o be i(c). What is the highest common divisor of 119 and o?
17
Let r(p) = 14*p**2 - 3*p - 2. Let h be r(-1). Suppose -12*g = -h*g + 39. Calculate the greatest common divisor of 117 and g.
13
Let k = 2 + 0. Let o(i) = -i**3 + 8*i**2 + 6*i - 1. Let b be o(5). Suppose -5*w + 6 = -b. What is the highest common factor of w and k?
2
Let t = 202 + -114. Suppose 4*z = -2*j - 4, -5*z + j - 3*j = 6. Let x(q) = -4*q. Let v be x(z). Calculate the highest common divisor of t and v.
8
Suppose 3*f + 0 = 21. What is the greatest common divisor of 63 and f?
7
Suppose 29*m - 22*m - 77 = 0. What is the greatest common divisor of m and 44?
11
Let f = -7 - -9. Let g(i) = 1. Let d(m) = -2*m**2 + 7*m - 11. Let b(v) = -d(v) - 5*g(v). Let q be b(4). What is the highest common divisor of f and q?
2
Suppose 3*q = b - 19, q - 16 + 5 = -b. Calculate the greatest common divisor of 52 and b.
13
Let s = -204 - -216. What is the greatest common divisor of 108 and s?
12
Let o = 220 - 157. Calculate the highest common factor of o and 21.
21
Let k be (-1)/4 - 1/(-4). Suppose -4*w + k*l = -l - 651, -2*w - 3*l = -315. Calculate the greatest common factor of w and 18.
18
Let o be 1956/72 - (-1)/(-6). Calculate the greatest common divisor of o and 162.
27
Let t = 9 - 2. Let v(i) = 89*i - 12. Let s be v(1). Calculate the greatest common factor of t and s.
7
Suppose -5*j - 18 - 43 = -4*x, 5*j + x + 66 = 0. Let k be j/(-2 + 1) - 0. Let t = 17 - 4. Calculate the greatest common factor of k and t.
13
Let l(i) = i + 23. Let q be l(-6). What is the highest common factor of 34 and q?
17
Suppose 5*b - 5*x - 26 = 184, -4*x + 52 = b. Calculate the greatest common divisor of 4 and b.
4
Let p(b) = -12*b - 1. Let h(g) = -37*g - 3. Let d(l) = 2*h(l) - 7*p(l). Let q be d(1). Suppose -2*y - 44 = -3*y. What is the highest common divisor of q and y?
11
Suppose -i = 4*i. Suppose 5*p - 32 - 8 = i. Suppose -5*q = -n + 76, 3*n - 26 = -3*q + 130. Calculate the highest common factor of n and p.
8
Let o = -11 - -10. Let i(l) = -2*l**2 - l - 3. Let q be i(3). Let x be (-1)/(o - 22/q). Calculate the highest common factor of 3 and x.
3
Let y(g) = -5*g + 64. Let m be y(0). What is the highest common factor of m and 8?
8
Let d = 189 - 134. Calculate the greatest common divisor of d and 5.
5
Suppose -t + 0*t + 6 = 0. What is the greatest common factor of t and 4?
2
Let z(o) = -2*o + 2. Let m be z(4). Let j be m + 2 - (-4)/(-4). Let r = -3 - j. Calculate the highest common factor of 5 and r.
1
Let c = 388 + -196. Calculate the highest common divisor of 24 and c.
24
Let t(c) = c + 15. Let h be t(-10). Suppose r - 55 = -h*u + 19, 5*u + 3*r = 72. Calculate the greatest common divisor of u and 30.
15
Let i = -11 - -14. What is the greatest common divisor of i and 24?
3
Let i = 131 - 202. Let w = 214 + i. Suppose c - 44 = -3*v, -5*v + 5*c = 4*c - 60. Calculate the greatest common divisor of w and v.
13
Let f(g) = 2*g**2 - 10*g + 4. Let w be f(7). Calculate the greatest common divisor of 16 and w.
16
Let a(j